 factors of 244520744?
2, 13, 827, 2843
What are the prime factors of 2785481662?
2, 19, 739, 99191
List the prime factors of 3667877797.
3667877797
List the prime factors of 2564936022.
2, 3, 11, 2719, 14293
List the prime factors of 26698899.
3, 8899633
What are the prime factors of 14383789?
7, 233, 8819
List the prime factors of 68875917.
3, 11, 97, 21517
List the prime factors of 51851256.
2, 3, 2160469
List the prime factors of 54889273.
127, 432199
List the prime factors of 38311284.
2, 3, 11, 23, 12619
What are the prime factors of 558145518?
2, 3, 7, 37, 359167
List the prime factors of 85819609.
991, 86599
What are the prime factors of 23322759?
3, 17, 23, 59, 337
What are the prime factors of 59721258?
2, 3, 1949, 5107
What are the prime factors of 3665779871?
13, 281983067
List the prime factors of 5146196.
2, 11, 116959
List the prime factors of 1064920522.
2, 532460261
List the prime factors of 308364488.
2, 109, 353629
List the prime factors of 38135825.
5, 7, 13, 16763
List the prime factors of 76140307.
76140307
List the prime factors of 18513342.
2, 3, 911, 1129
List the prime factors of 2389498306.
2, 13, 79, 1163339
What are the prime factors of 1094633973?
3, 137, 541, 547
List the prime factors of 596887447.
13, 151, 304069
What are the prime factors of 1679168838?
2, 3, 61, 4587893
What are the prime factors of 1634920566?
2, 3, 17, 89, 180097
List the prime factors of 38413725.
3, 5, 7, 19, 3851
List the prime factors of 112046772.
2, 3, 31, 359, 839
What are the prime factors of 26407083?
3, 61, 113, 1277
What are the prime factors of 93704476?
2, 17, 1378007
What are the prime factors of 23736402?
2, 3, 146521
What are the prime factors of 154367223?
3, 47, 1094803
List the prime factors of 13203969.
3, 509, 8647
What are the prime factors of 1987366631?
31, 64108601
List the prime factors of 113276815.
5, 47, 482029
List the prime factors of 3248426.
2, 1624213
What are the prime factors of 7756659023?
59, 131468797
What are the prime factors of 85260354?
2, 3, 31, 593, 773
List the prime factors of 131073713.
131073713
What are the prime factors of 89913543?
3, 29, 1033489
List the prime factors of 5537575.
5, 359, 617
List the prime factors of 3354790769.
11, 47, 349, 18593
What are the prime factors of 21051172?
2, 5262793
What are the prime factors of 463143577?
13, 307, 116047
List the prime factors of 44060118.
2, 3, 37, 198469
What are the prime factors of 15587055?
3, 5, 11, 31489
List the prime factors of 49500809.
887, 55807
What are the prime factors of 449042179?
23, 848851
What are the prime factors of 97223890?
2, 5, 9722389
List the prime factors of 1484671819.
1484671819
What are the prime factors of 35214343?
37, 137, 6947
What are the prime factors of 1135872781?
3253, 349177
What are the prime factors of 9727705346?
2, 41, 10729, 11057
List the prime factors of 32579072.
2, 17, 19, 197
List the prime factors of 18044650.
2, 5, 13, 17, 23, 71
What are the prime factors of 1438704862?
2, 7, 102764633
List the prime factors of 66677335.
5, 3037, 4391
List the prime factors of 465219863.
465219863
What are the prime factors of 409556451?
3, 2113, 64609
What are the prime factors of 39354392?
2, 7, 11, 29, 2203
What are the prime factors of 1414519822?
2, 269, 347, 7577
What are the prime factors of 420895811?
7, 373, 161201
What are the prime factors of 585001603?
17, 2024227
List the prime factors of 649570579.
7, 433, 214309
List the prime factors of 3513976121.
3513976121
What are the prime factors of 2622150478?
2, 29, 45209491
List the prime factors of 643256631.
3, 79, 904721
List the prime factors of 202266046.
2, 3917, 25819
What are the prime factors of 5076382999?
139, 3257, 11213
List the prime factors of 764604132.
2, 3, 63717011
What are the prime factors of 710934318?
2, 3, 673, 58687
What are the prime factors of 20028734?
2, 11, 29, 31393
List the prime factors of 277987280.
2, 5, 3474841
List the prime factors of 1772335391.
17, 73, 1428151
List the prime factors of 302093465.
5, 173, 349241
List the prime factors of 3789156957.
3, 1263052319
List the prime factors of 2464701018.
2, 3, 13, 139, 281, 809
List the prime factors of 127394909.
8627, 14767
List the prime factors of 56637497.
7, 1627, 4973
List the prime factors of 42163973.
487, 86579
What are the prime factors of 3298010824?
2, 2063, 199831
What are the prime factors of 65842911?
3, 47, 155657
What are the prime factors of 827664528?
2, 3, 97, 177763
List the prime factors of 1669466723.
1669466723
List the prime factors of 15784259.
1601, 9859
List the prime factors of 1347415250.
2, 5, 227, 23743
List the prime factors of 139136285.
5, 1447, 19231
What are the prime factors of 46248304?
2, 101, 28619
List the prime factors of 54100845.
3, 5, 37, 10831
What are the prime factors of 181892590?
2, 5, 11, 283, 5843
List the prime factors of 47848864.
2, 7, 213611
What are the prime factors of 410586967?
7, 73, 803497
What are the prime factors of 21116291?
7, 3016613
What are the prime factors of 75482115?
3, 5, 677, 7433
What are the prime factors of 2395690947?
3, 13, 331, 61861
What are the prime factors of 190730399?
190730399
What are the prime factors of 665619477?
3, 79, 2808521
List the prime factors of 39676984.
2, 2083, 2381
What are the prime factors of 50384205?
3, 5, 1119649
What are the prime factors of 5057584653?
3, 11, 153260141
What are the prime factors of 1003538399?
9587, 104677
List the prime factors of 58598104.
2, 7324763
What are the prime factors of 680851648?
2, 10638307
What are the prime factors of 1418310742?
2, 709155371
List the prime factors of 73307423.
7, 10472489
What are the prime factors of 18920297?
11, 59, 29153
List the prime factors of 74950751.
1993, 37607
What are the prime factors of 331616288?
2, 10363009
What are the prime factors of 525911360?
2, 5, 13, 126421
List the prime factors of 72081498.
2, 3, 12013583
What are the prime factors of 172215197?
7, 11, 199, 11239
List the prime factors of 515024304.
2, 3, 10729673
List the prime factors of 61661721.
3, 11, 37, 4591
What are the prime factors of 107663582?
2, 13, 1709, 2423
List the prime factors of 21570643.
19, 349, 3253
List the prime factors of 906773698.
2, 113, 4012273
What are the prime factors of 43177383?
3, 73, 65719
List the prime factors of 1089368499.
3, 29, 577, 21701
What are the prime factors of 4444530627?
3, 1481510209
List the prime factors of 46849446.
2, 3, 7, 43, 8647
List the prime factors of 1165875074.
2, 7, 13, 19, 337153
List the prime factors of 224259048.
2, 3, 13, 263, 911
List the prime factors of 3334953352.
2, 2309, 180541
What are the prime factors of 2537761833?
3, 23, 61, 137, 163
List the prime factors of 40763064.
2, 3, 1698461
What are the prime factors of 295374910?
2, 5, 71, 643, 647
What are the prime factors of 5802389250?
2, 3, 5, 7, 1105217
What are the prime factors of 75053376?
2, 3, 229, 569
List the prime factors of 81051204.
2, 3, 13, 53, 9803
List the prime factors of 245615301.
3, 751, 12113
What are the prime factors of 157736201?
7, 22533743
List the prime factors of 86311344.
2, 3, 7, 36697
List the prime factors of 29563197.
3, 9854399
What are the prime factors of 3476913534?
2, 3, 193161863
List the prime factors of 44175730.
2, 5, 257, 17189
List the prime factors of 65140103.
7, 41, 263, 863
List the prime factors of 1202293905.
3, 5, 421, 190387
List the prime factors of 1848267005.
5, 13, 23, 29, 89, 479
List the prime factors of 4015591232.
2, 809, 77557
List the prime factors of 420100737.
3, 7, 53, 89, 4241
What are the prime factors of 35141851?
991, 35461
List the prime factors of 2840573707.
17, 2693, 62047
List the prime factors of 207729531.
3, 281, 82139
List the prime factors of 2296112160.
2, 3, 5, 4783567
What are the prime factors of 69386742?
2, 3, 31, 124349
What are the prime factors of 22988392?
2, 7, 410507
List the prime factors of 140018958.
2, 3, 71, 331
What are the prime factors of 39198736?
2, 17, 211, 683
What are the prime factors of 414741081?
3, 138247027
What are the prime factors of 418488507?
3, 17, 467, 5857
What are the prime factors of 213780250?
2, 5, 67, 12763
List the prime factors of 24539961.
3, 1487, 5501
List the prim